{"id":210,"date":"2020-08-31T16:43:19","date_gmt":"2020-08-31T14:43:19","guid":{"rendered":"http:\/\/auf-wirkung.de\/?page_id=210"},"modified":"2020-08-31T16:50:24","modified_gmt":"2020-08-31T14:50:24","slug":"impressum","status":"publish","type":"page","link":"http:\/\/auf-wirkung.de\/?page_id=210","title":{"rendered":"Impressum"},"content":{"rendered":"\n<p><\/p>\n\n\n\n<p><\/p>\n\n\n\n<h3><strong>Kontaktadressen:<\/strong><\/h3>\n\n\n\n<p><strong>Zust\u00e4ndige f\u00fcr Projekt-Inhalte<\/strong><\/p>\n\n\n\n<p><strong><em>Prof. Dr. Sabine Andresen<\/em><\/strong><\/p>\n\n\n\n<p>Institut f\u00fcr Sozialp\u00e4dagogik und Erwachsenenbildung<\/p>\n\n\n\n<p>Theodor-W.-Adorno-Platz 6<\/p>\n\n\n\n<p>D-60323 Frankfurt am Main<\/p>\n\n\n\n<p>E-Mail: S.Andresen@em.uni-frankfurt.de<\/p>\n\n\n\n<p><\/p>\n\n\n\n<p><\/p>\n\n\n\n<p><strong>Zust\u00e4ndige f\u00fcr Layout und Design<\/strong><\/p>\n\n\n\n<p><strong><em>Vanessa Kurz<\/em><\/strong><\/p>\n\n\n\n<p>Projektmanager Online-Marketing<\/p>\n\n\n\n<p>E-Mail: mail@vanessa-kurz.de<\/p>\n\n\n\n<h3><strong>Diensteanbieter:<\/strong><\/h3>\n\n\n\n<p>Johann Wolfgang Goethe-Universit\u00e4t Frankfurt<br>Theodor-W.-Adorno-Platz 1<br>60323 Frankfurt am Main<\/p>\n\n\n\n<p>Postanschrift:<br>Goethe-Universit\u00e4t Frankfurt am Main<br>60629 Frankfurt<\/p>\n\n\n\n<p><a>Telefon: +49-69-798-0 | Fax: +49-69-798-18383<\/a><a href=\"#_msocom_1\">[_1]<\/a>&nbsp;<br>Internet: <a href=\"http:\/\/www.uni-frankfurt.de\">www.uni-frankfurt.de<\/a><\/p>\n\n\n\n<p>F\u00fcr: Prof. Dr. Sabine Andresen<\/p>\n\n\n\n<p>Als Projektkoordination \u201eAuf-Wirkung. Aufarbeitung f\u00fcr wirksame Schutzkonzepte in Gegenwart und Zukunft\u201c (im Folgenden \u201eAuf-Wirkung\u201c)<\/p>\n\n\n\n<p>Theodor-W.-Adorno-Platz 6<\/p>\n\n\n\n<p>D-60323 Frankfurt am Main<\/p>\n\n\n\n<p>E-Mail: S.Andresen@em.uni-frankfurt.de<\/p>\n\n\n\n<p>Die Goethe-Universit\u00e4t Frankfurt am Main ist als Hochschule des Landes Hessen eine rechtsf\u00e4hige Stiftung des \u00f6ffentlichen Rechts (\u00a7 81 HHG).<\/p>\n\n\n\n<p>Gesetzlicher Vertreter: Die Pr\u00e4sidentin der Goethe-Universit\u00e4t, Prof. Dr. Birgitta Wolff<\/p>\n\n\n\n<p>Rechtsaufsicht: Hessisches Ministerium f\u00fcr Wissenschaft und Kunst, Rheinstr. 23-25, 65185 Wiesbaden.<\/p>\n\n\n\n<p>Gerichtsstand: Frankfurt am Main<\/p>\n\n\n\n<p>Umsatzsteuer-Identifikationsnummer (USt-IdNr.): DE 114 110 511<br><\/p>\n\n\n\n<p>Steuernummer: 04 522 658 002<\/p>\n\n\n\n<p>Die Programminhalte werden von dem von Prof. Dr. Andresen angeleiteten Forschungsverbund \u201eAuf-Wirkung\u201c elektronisch erstellt und manuell \u00fcberarbeitet. F\u00fcr eventuelle Abweichungen von Originaltexten \u00fcbernehmen wir keine Haftung. Anregungen, um welche Inhalte unser Informationsangebot erweitert werden kann, sowie Hinweise auf zu korrigierende Fehler bitten wir an die Doktorandin Nina Schaumann (M.A.) unter folgender Adresse zu \u00fcbersenden: schaumann@em.uni-frankfurt.de<\/p>\n\n\n\n<h3><strong>\u00a9 Copyright<\/strong><\/h3>\n\n\n\n<p>F\u00fcr die WWW- bzw. Internet-Seiten der Goethe-Universit\u00e4t liegen Copyright und alle weiteren Rechte f\u00fcr Inhalt und Gestaltung bei dem Pr\u00e4sidenten der Goethe-Universit\u00e4t. Die Weiterverbreitung von Inhalten, auch in Ausz\u00fcgen, f\u00fcr p\u00e4dagogische, wissenschaftliche oder private Zwecke ist unter Angabe der Quelle gestattet, sofern an der entsprechenden Stelle nicht ausdr\u00fccklich anderes angegeben ist. Eine Nutzung des Layouts und des generierten HTML-Quelltextes, auch in abgewandelter Form, bedarf, ebenso wie jegliche Nutzung der WWW- bzw. Internet-Seiten im gewerblichen Bereich, der schriftlichen Genehmigung durch den Pr\u00e4sidenten der Goethe-Universit\u00e4t.<\/p>\n\n\n\n<h3><strong>Haftungshinweis \/ Disclaimer:<\/strong><\/h3>\n\n\n\n<p>Die Goethe-Universit\u00e4t ist als Inhaltsanbieter f\u00fcr die &#8222;eigenen Inhalte&#8220;, die sie zur Nutzung bereith\u00e4lt, nach den allgemeinen Gesetzen verantwortlich. Dieses Impressum gilt f\u00fcr die zentralen Informationsangebote der Zentralverwaltung und der zentralen Einrichtungen der Goethe-Universit\u00e4t im WWW, die durch den Vermerk \u201e\u00a9 Goethe-Universit\u00e4t\u201d gekennzeichnet sind und \u00fcber die URL http:\/\/www.uni-frankfurt.de erreichbar sind.<\/p>\n\n\n\n<p>Die Goethe-Universit\u00e4t und Prof. Dr. Andresen als federf\u00fchrende Koordinationsleitung des Projekts \u201eAuf-Wirkung\u201c \u00fcbernehmen keine Gew\u00e4hr f\u00fcr deren Vollst\u00e4ndigkeit oder Eignung f\u00fcr bestimmte Verwendungszwecke. Die Nutzung der auf den Internetseiten zur Verf\u00fcgung gestellten Inhalte erfolgt auf alleinige Gefahr des Benutzers\/der Benutzerin.<\/p>\n\n\n\n<h3><strong>Hinweis zur Problematik von externen Links<\/strong><\/h3>\n\n\n\n<p>Von diesen eigenen Inhalten sind Querverweise (&#8222;Links&#8220;) auf die von den \u00fcbrigen Einrichtungen der Universit\u00e4t sowie anderen Anbietern bereitgehaltenen Inhalte zu unterscheiden. Bei &#8222;Links&#8220; handelt es sich stets um &#8222;lebende&#8220; (dynamische) Verweisungen. Die Webredaktion der Goethe-Universit\u00e4t hat bei der erstmaligen Verkn\u00fcpfung zwar den fremden Inhalt daraufhin \u00fcberpr\u00fcft, ob durch ihn eine m\u00f6gliche zivilrechtliche oder strafrechtliche Verantwortlichkeit ausgel\u00f6st wird. Sie \u00fcberpr\u00fcft aber die Inhalte, auf die im zentralen Informationsangebote der Zentralverwaltung der Goethe-Universit\u00e4t im WWW verwiesen wird, nicht st\u00e4ndig auf Ver\u00e4nderungen, die eine Verantwortlichkeit neu begr\u00fcnden k\u00f6nnten. Wenn sie feststellt oder von anderen darauf hingewiesen wird, dass ein konkretes Angebot, zu dem sie einen Link bereitgestellt hat, eine zivil- oder strafrechtliche Verantwortlichkeit ausl\u00f6st, wird sie den Verweis auf dieses Angebot aufheben.<\/p>\n\n\n\n<p>Trotz sorgf\u00e4ltiger inhaltlicher Kontrolle wird keine Haftung f\u00fcr die Inhalte externer Links \u00fcbernommen. F\u00fcr den Inhalt verlinkter Seiten sind ausschlie\u00dflich deren Betreiber verantwortlich. Das Landgericht Hamburg hat mit seinem Urteil vom 12.05.1998 &#8222;Haftung f\u00fcr Links&#8220; (312 O 85\/98) entschieden, dass man durch das Anbringen eines Links die Inhalte der &#8222;gelinkten&#8220; Seite ggf. mit zu verantworten hat, mithin haftbar gemacht werden kann. Dies kann man dadurch verhindern, indem man sich von diesen Inhalten nachdr\u00fccklich distanziert. Vor diesem Hintergrund distanziert sich Goethe-Universit\u00e4t hiermit vorsorglich und ausdr\u00fccklich von allen Inhalten s\u00e4mtlicher gelinkter Seiten auf seinen Internetseiten. Sie hat weder Einfluss auf die Gestaltung und die Inhalte der gelinkten Seiten noch hat sie sich diese Inhalte zu eigen gemacht. Diese Erkl\u00e4rung gilt f\u00fcr s\u00e4mtliche Links und Link-Sammlungen, die zur Zeit bestehen oder in Zukunft bestehen werden.<\/p>\n\n\n\n<h3><strong>Speicherung von Zugriffsdaten<\/strong><\/h3>\n\n\n\n<p>Bei Anforderung von Daten aus dem zentralen Informationsangebot der Zentralverwaltung der Goethe-Universit\u00e4t und des Projektverbunds \u201eAuf-Wirkung\u201c im WWW werden keine Zugriffsdaten gespeichert.<\/p>\n\n\n\n<h2>Datenschutzerkl\u00e4rung<\/h2>\n\n\n\n<p>Diese Datenschutzerkl\u00e4rung dient zur Erf\u00fcllung der nach Artikel 13 EU DSGVO geforderten Informationspflicht bei Erhebung von Daten zum Zeitpunkt der Erhebung bei betroffenen Personen.<\/p>\n\n\n\n<h4><strong>Name und Anschrift des Verantwortlichen<\/strong><\/h4>\n\n\n\n<p>Johann Wolfgang Goethe-Universit\u00e4t Frankfurt am Main<br>Theodor-W.-Adorno-Platz 1<br>60323 Frankfurt am Main<\/p>\n\n\n\n<p>Postanschrift:<br>Goethe-Universit\u00e4t Frankfurt am Main<br>60629 Frankfurt<\/p>\n\n\n\n<p>Telefon: +49-69-798-0 | Fax: +49-69-798-18383<br>Internet: <a href=\"http:\/\/www.uni-frankfurt.de\/\">www.uni-frankfurt.de<\/a><\/p>\n\n\n\n<p>Bei Anfragen oder Beschwerden zum Datenschutz k\u00f6nnen Sie sich mit den Datenschutz\u00adbeauftragten der Goethe-Universit\u00e4t in Verbindung setzen.<\/p>\n\n\n\n<h4><strong>Kontaktdaten der Datenschutzbeauftragten<\/strong><\/h4>\n\n\n\n<p>Johann Wolfgang Goethe-Universit\u00e4t Frankfurt am Main<\/p>\n\n\n\n<p>Die beh\u00f6rdlichen Datenschutzbeauftragten<br>Theodor-W.-Adorno-Platz 1<br>60323 Frankfurt am Main<\/p>\n\n\n\n<p>Internet: <a href=\"http:\/\/www.uni-frankfurt.de\/47859992\/datenschutzbeauftragte\">http:\/\/www.uni-frankfurt.de\/datenschutzbeauftragte<\/a><\/p>\n\n\n\n<h4><strong>Rechte und Beschwerdem\u00f6glichkeiten<\/strong><\/h4>\n\n\n\n<p>Sie haben das Recht sich bei datenschutzrechtlichen Problemen bei der zust\u00e4ndigen Fachauf\u00adsichts\u00adbeh\u00f6rde zu beschweren.<\/p>\n\n\n\n<p>Kontaktadresse der Fachaufsichtsbeh\u00f6rde der Goethe-Universit\u00e4t Frankfurt am Main:<\/p>\n\n\n\n<p>Hessischer Beauftragter f\u00fcr Datenschutz und Informationsfreiheit<br>Postfach 3163<br>65021 Wiesbaden<br><br><a href=\"https:\/\/datenschutz.hessen.de\/%C3%BCber-uns\/kontakt\">E-Mail an HDSB<\/a> (Link zum Kontaktformular des Hessischen Datenschutzbeauftragten: https:\/\/datenschutz.hessen.de\/\u00fcber-uns\/kontakt)<\/p>\n\n\n\n<p><br>Telefon: +49 611 1408 &#8211; 0<br>Telefax: +49 611 1408 \u2013 611<\/p>\n\n\n\n<p>Sie haben gegen\u00fcber der Goethe-Universit\u00e4t folgende Rechte hinsichtlich Ihrer gespeicherten personen\u00adbezogenen Daten:<\/p>\n\n\n\n<p>Recht auf Auskunft,<\/p>\n\n\n\n<p>Recht auf Berichtigung oder L\u00f6schung,<\/p>\n\n\n\n<p>Recht auf Einschr\u00e4nkung der Verarbeitung,<\/p>\n\n\n\n<p>Recht auf Widerruf Ihrer Einwilligung,<\/p>\n\n\n\n<p>Recht auf Widerspruch gegen die Verarbeitung,<\/p>\n\n\n\n<p>Recht auf Daten\u00fcbertragbarkeit, in einer g\u00e4ngigen, strukturierten und maschinenlesbaren Form (ab dem 25. Mai 2018).<\/p>\n\n\n\n<p>Zur Geltendmachung dieser Rechte wenden Sie sich an <a href=\"mailto:dsb@uni-frankfurt.de\">dsb@uni-frankfurt.de<\/a>.<\/p>\n\n\n\n<h4><strong>Art der gespeicherten Daten, Zweck und Rechtsgrundlagen, L\u00f6schungsfristen<\/strong><\/h4>\n\n\n\n<h4>Umgang mit personenbezogenen Daten<\/h4>\n\n\n\n<p>Personenbezogene Daten sind Informationen, mit deren Hilfe eine nat\u00fcrliche Person bestimmbar ist, also Angaben, durch die Personen identifizierbar sind. Dazu geh\u00f6ren insbesondere Namen, E-Mail-Adressen, Matrikelnummern oder Telefonnummern. Aber auch Daten \u00fcber Vorlieben, Hobbies, Mitgliedschaften oder auch Informationen \u00fcber Webseiten, die aufgesucht wurden, z\u00e4hlen zu personen\u00adbezogenen Daten.<br>Personenbezogene Daten werden von uns nur dann erhoben, genutzt und weitergegeben, wenn dies gesetzlich erlaubt ist oder die Nutzer in die Datenerhebung einwilligt haben.<\/p>\n\n\n\n<h4>Zugriffsdaten\/Server-Logdateien<\/h4>\n\n\n\n<p>Beim Zugriff auf die Seiten dieses Webservers werden im Allgemeinen folgende Daten in den Server-Logfiles gespeichert<\/p>\n\n\n\n<p>IP-Adresse<\/p>\n\n\n\n<p>Datum und Uhrzeit<\/p>\n\n\n\n<p>Typ des Client Browsers<\/p>\n\n\n\n<p>URL der aufgerufenen Seite<\/p>\n\n\n\n<p>Gegebenenfalls die Fehlermeldung zum aufgetretenen Fehler<\/p>\n\n\n\n<p>Gegebenenfalls der anfragende Provider<\/p>\n\n\n\n<p>Diese Daten dienen ausschlie\u00dflich zum Zwecke der Kontrolle der Funktionalit\u00e4t, der Sicherheit und Fehlerbehebung. Diese Nutzung basiert auf EU DSGVO Artikel 6 Absatz 1 f). Alle Logdateien werden automatisiert nach sp\u00e4testens 7 Tagen gel\u00f6scht oder anonymisiert.<\/p>\n\n\n\n<h4>Kontaktaufnahme<\/h4>\n\n\n\n<p>Zur Kontaktaufnahme mit Mitgliedern der Goethe-Universit\u00e4t (zum Beispiel per Kontaktformular oder E-Mail) werden Ihre Angaben zwecks Bearbeitung der Anfrage sowie f\u00fcr den Fall, dass Anschluss\u00adfragen entstehen, gespeichert. Nach Bearbeitung Ihres Anliegens bzw. nach Erf\u00fcllung der Rechtspflicht oder des genutzten Dienstes werden die Daten gel\u00f6scht, es sei denn, die Aufbewahrung der Daten ist zur Umsetzung berechtigter Interessen der Goethe Universit\u00e4t oder auf Grund einer gesetzlichen Vorschrift (z.B. Gesetz, Rechtsverordnung, Satzung der Goethe Universit\u00e4t etc.) erforderlich.<\/p>\n\n\n\n<h2>Cookies<\/h2>\n\n\n\n<p>Cookies sind kleine Dateien, die es erm\u00f6glichen, auf Ihrem Zugriffsger\u00e4t (PC, Smartphone o.\u00e4.) spezifische, auf das Ger\u00e4t bezogene Informationen zu speichern. Sie dienen zum einem der Benutzerfreundlichkeit von Webseiten (z.B. Speicherung von Logindaten). Sie k\u00f6nnen auf den Einsatz der Cookies Einfluss nehmen. Die meisten Browser verf\u00fcgen \u00fcber eine Option mit der das Speichern von Cookies eingeschr\u00e4nkt oder komplett verhindert werden kann. Allerdings wird darauf hingewiesen, dass die Nutzung und insbesondere der Nutzungskomfort ohne Cookies eingeschr\u00e4nkt sein kann.<\/p>\n\n\n\n<h4>Zugriffsgesch\u00fctzte Webseiten und benutzerbasierte Dienste<\/h4>\n\n\n\n<p>Neben den oben genannten Daten werden keine weiteren Daten zur Berechtigungskontrolle des Datenzugriffs erhoben.<\/p>\n\n\n\n<hr class=\"wp-block-separator\"\/>\n\n\n\n<p><\/p>\n","protected":false},"excerpt":{"rendered":"<p>Kontaktadressen: Zust\u00e4ndige f\u00fcr Projekt-Inhalte Prof. Dr. Sabine Andresen Institut f\u00fcr Sozialp\u00e4dagogik und Erwachsenenbildung Theodor-W.-Adorno-Platz 6 D-60323 Frankfurt am Main E-Mail: S.Andresen@em.uni-frankfurt.de Zust\u00e4ndige f\u00fcr Layout und Design Vanessa Kurz Projektmanager Online-Marketing E-Mail: mail@vanessa-kurz.de Diensteanbieter: Johann Wolfgang Goethe-Universit\u00e4t FrankfurtTheodor-W.-Adorno-Platz 160323 Frankfurt am Main Postanschrift:Goethe-Universit\u00e4t Frankfurt am Main60629 Frankfurt Telefon: +49-69-798-0 | Fax: +49-69-798-18383[_1]&nbsp;Internet: www.uni-frankfurt.de F\u00fcr: Prof. Dr. [&hellip;]<\/p>\n","protected":false},"author":1,"featured_media":0,"parent":0,"menu_order":0,"comment_status":"closed","ping_status":"closed","template":"","meta":[],"_links":{"self":[{"href":"http:\/\/auf-wirkung.de\/index.php?rest_route=\/wp\/v2\/pages\/210"}],"collection":[{"href":"http:\/\/auf-wirkung.de\/index.php?rest_route=\/wp\/v2\/pages"}],"about":[{"href":"http:\/\/auf-wirkung.de\/index.php?rest_route=\/wp\/v2\/types\/page"}],"author":[{"embeddable":true,"href":"http:\/\/auf-wirkung.de\/index.php?rest_route=\/wp\/v2\/users\/1"}],"replies":[{"embeddable":true,"href":"http:\/\/auf-wirkung.de\/index.php?rest_route=%2Fwp%2Fv2%2Fcomments&post=210"}],"version-history":[{"count":6,"href":"http:\/\/auf-wirkung.de\/index.php?rest_route=\/wp\/v2\/pages\/210\/revisions"}],"predecessor-version":[{"id":217,"href":"http:\/\/auf-wirkung.de\/index.php?rest_route=\/wp\/v2\/pages\/210\/revisions\/217"}],"wp:attachment":[{"href":"http:\/\/auf-wirkung.de\/index.php?rest_route=%2Fwp%2Fv2%2Fmedia&parent=210"}],"curies":[{"name":"wp","href":"https:\/\/api.w.org\/{rel}","templated":true}]}}